
Let l(g) be the second derivative of 0 + 1/12*g**4 - 2*g + g**3 + g**2. Calculate l(-4).
-6
Suppose 0 = 4*y - 2*y - 2. Let a(b) = 2*b - 11*b**2 - 5*b - 1 + 2*b**2 + 4*b. Determine a(y).
-9
Let f(a) be the second derivative of -a**4/6 - a**3/2 + 3*a**2/2 - 3*a. Let z(b) = -3*b**2 - 4*b + 4. Let y(w) = 4*f(w) - 3*z(w). Give y(3).
9
Let v(n) = n**3 - 7*n**2 + 5*n + 1. Suppose 4*y - 2*y = 12. Suppose -y - 6 = -2*q. Give v(q).
-5
Let k(s) = s**2 + 3*s - 1. Suppose -2*j - u = -5*u - 2, -4*u = -4*j. Let n = j - 2. What is k(n)?
-1
Let z(b) be the second derivative of -b**3/3 - 3*b**2 - b. Suppose 3*p - 7*p = 3*m + 11, 0 = -p - 2*m + 1. Determine z(p).
4
Let s(c) = 34*c**2 - 16*c**2 - 1 + c - 19*c**2. Determine s(2).
-3
Suppose 5*j = 2*r - 39, -8*j = -3*j + 5*r + 25. Let l(i) = i**2 + 8*i - 4. Calculate l(j).
-11
Suppose -m + 1 + 3 = 0. Let d(c) = -2*c - m - 6*c + c + c**3 + 3*c**2 + 3*c. Suppose v = 2*n + 6, 3*v - n = -2*n - 17. What is d(v)?
-4
Let u = 63 + -62. Let n(q) = 11*q**3 + 2*q**2 - q. Calculate n(u).
12
Suppose -7*u + 16 = -3*u - 4*l, 4 = u + 3*l. Let f(i) = 2*i**2 - u*i**2 + 4*i + 3*i**2. Give f(-5).
5
Let k(o) = o**2 + 8*o - 6. Let x(v) = -2*v**2 - 9*v + 6. Let p(q) = -3*k(q) - 2*x(q). Give p(4).
-2
Let s = -213 + 211. Let u(a) = a**3 + a**2 - 1. What is u(s)?
-5
Let t(a) = -2*a - 1. Suppose 4*p - 10 = -2. Let f(x) = -4*x - 3. Let h(q) = p*f(q) - 5*t(q). Give h(-2).
-5
Let n(b) = 3*b**2 + 21*b - b**2 - 19*b. Determine n(-2).
4
Let r(q) = -q**3 + 5*q**2 - 3*q. Suppose 4*s - 5*s + 10 = b, -3*b + 4*s + 9 = 0. Let h = 11 - b. Calculate r(h).
4
Let i(x) be the second derivative of -x**6/360 + x**5/15 - 5*x**4/24 + 4*x**3/3 - 5*x. Let p(g) be the second derivative of i(g). What is p(5)?
10
Let g(f) = -9*f**3 - 7*f**2 + 9*f - 2. Let l(t) = 4*t**3 + 3*t**2 - 4*t + 1. Let w(v) = 2*g(v) + 5*l(v). Determine w(-2).
-7
Let a(v) = -v**3 + 2*v**2 - 2*v + 2. Suppose 0 = -3*n - 8 - 4. Let u be (-3)/(1/n - -1). Let b = u + 6. Determine a(b).
-2
Let v(s) be the third derivative of s**6/120 - s**5/15 - s**4/8 + s**3/2 - 7*s**2. Give v(2).
-11
Suppose 8 = 4*a - 100. Let z be 2/(3*6/a). Let j(s) = 2*s**2 - z + 7 + 5*s - 3*s**2. Give j(5).
4
Let f(x) = -4*x + 53. Let l be f(13). Let p(q) = -3*q**3 + 2*q**2 - q. Give p(l).
-2
Let m(j) be the first derivative of -1 - 4*j - 1/3*j**3 - 3/2*j**2. Let c be 17/(-5) + (-6)/(-15). What is m(c)?
-4
Let s(b) = b - 5. Let x(o) = o**2 - 8*o - 5. Let y be x(9). Give s(y).
-1
Let w(o) be the second derivative of o**4/6 - 5*o**2/2 + o. Let m(r) be the first derivative of w(r). Calculate m(-2).
-8
Suppose -5*h - 3 = o + o, 4*h - 4*o = -8. Let n be 1*(1 - 1)/h. Let t(y) = -4*y + n + 1 + y**2 + 0. Determine t(4).
1
Let o = 1 - -4. Suppose 5*d - 5 = 5. Let j(f) = -2 + 5 - 4 - 3*f + d*f. Determine j(o).
-6
Let u = 38 - 41. Let b(h) be the first derivative of h**3/3 + h - 1. Let k(p) = 2*p**2 + 2. Let a(t) = 13*b(t) - 6*k(t). What is a(u)?
10
Let z = -42 - -85/2. Let m(j) be the second derivative of 0 + z*j**3 - j + 1/2*j**2. Give m(-1).
-2
Let u be (1/4 + 1)*-4. Let c(q) = -7*q**2 + 2*q + 6. Let i(v) = 15*v**2 - 5*v - 12. Let p(f) = -13*c(f) - 6*i(f). Calculate p(u).
-1
Let j be (-5)/(-20) + (-62)/(-8). Let c(y) = 3 - 3 - j*y. Let h(u) = -u + 5. Let x be h(6). Calculate c(x).
8
Suppose -2*p - 19 = 5*q, -3*p - q - q = 1. Let t(j) = 1 + 2*j - j**2 + 5 - p. Let v = 4 - 0. Determine t(v).
-5
Let d(x) be the first derivative of -4*x + 3 + 3/2*x**2. Give d(3).
5
Let n(u) = -3 - 11*u**3 - 4*u + 9*u**3 - 4*u**2 + 0. Let f = 1 - 3. Determine n(f).
5
Let v(i) = 2*i - 7. Let n(r) = 6*r - 20. Let o(h) = 2*n(h) - 7*v(h). Let m = 15 + -9. Determine o(m).
-3
Let y(q) be the second derivative of -q**5/20 + q**4/3 + q**3/6 - 5*q**2/2 + 9*q. Give y(4).
-1
Let s(b) be the first derivative of -b**3/3 + 5*b**2/2 - 6*b + 22. Calculate s(4).
-2
Let k(h) = h**3 - h**2 + 2*h - 1. Let x be 2*3/6 + -3. Let w be (3 + 1 - 1) + x. What is k(w)?
1
Let j(s) = 2*s**2 + 15*s + 5. Let c(p) = 3*p**2 + 22*p + 8. Suppose 4*q - 19 = 9. Let m(a) = q*j(a) - 5*c(a). Determine m(-4).
-1
Let a = 6 - 11. Let f(s) be the first derivative of s**4/4 + 5*s**3/3 - s**2 + 2*s - 27. What is f(a)?
12
Let k(q) = -3*q**3 + q - 1. Suppose 5*h - 13 = -3. Calculate k(h).
-23
Let c be (-6)/(-18) + (-10)/3. Let g(l) = -3*l. Calculate g(c).
9
Let m be (-2)/8 + 159/12. Let a be m/4 - 1/4. Let n(b) = -1 + 3*b**2 - b - a*b**2 + b**2 - b**3. Determine n(-1).
2
Let v = 6 - 6. Suppose -15 = -5*c - v. Let j(b) be the first derivative of b**3/3 - 5*b**2/2 - 1. Give j(c).
-6
Let v be ((-1)/(-4))/((-3)/(-12)). Let o(d) = 18*d - 1. Let i be o(v). Suppose 5*c - i = 13. Let x(j) = -j**3 + 5*j**2 + 5*j + 6. Give x(c).
0
Let j(y) be the first derivative of y**3/3 + 3*y**2/2 + 6*y - 1. Let d be (-66 - -6)*(-2)/5. Suppose 2*n + 4*n + d = 0. What is j(n)?
10
Let u(g) = g - 7. Suppose 6*i - 4*c - 24 = i, -4*c + 16 = 0. Calculate u(i).
1
Let f be (-8 - -4)/(1 - 3). Let y(a) = -a**3 + a**2 - 2. Determine y(f).
-6
Let x(g) = g**3 - 3*g**2 - 3*g + 2. Let b = -23 - -25. Calculate x(b).
-8
Let n(d) = -d**2 - 3*d + 12. Let t be n(-6). Let m be (t/9 - -1)*0. Let s(z) = 3*z - 3*z - 1 + z. Determine s(m).
-1
Let n(v) = -v + 113 + 127 - 223. What is n(13)?
4
Let y(f) = -26*f + 6. Suppose -5*p = -4*p + 2*j + 20, -5*p + 5*j - 70 = 0. Let k(m) = -5*m + 1. Let c(w) = p*k(w) + 3*y(w). Give c(2).
6
Let w = -13 + 27. Let v be (-16)/3 + (-8)/12. Let j(n) = -2*n + 3. Let i(x) = -5*x + 7. Let g(p) = v*i(p) + w*j(p). Calculate g(-5).
-10
Suppose -6 = f - 2*f. Suppose -5*w - f = 4. Let b(v) = -7*v**2 + 15*v - 9. Let q(l) = 4*l**2 - 8*l + 5. Let k(s) = -6*b(s) - 11*q(s). Give k(w).
-5
Let g(l) = l**3 - 5*l**2 + 5*l - 6. Let n(z) = -z**3 + z**2. Let w(r) = 7*r**3 - 24*r**2 + 17*r - 4. Let m(p) = -6*n(p) - w(p). Let s be m(17). Determine g(s).
-2
Let q be 4/(-1) + 9 - 2. Let v(m) = -2*m**3 + 2*m + q*m**2 - 5*m**2 - m + m**2. Suppose -21 = -z - 4*g, 14 = 3*z - 4*z + 3*g. What is v(z)?
-2
Let c(u) = 2*u - 1. Suppose 0 = 2*q + 3 + 5. Determine c(q).
-9
Let r(j) = j**2 + j - 1. Let m(i) = 3*i**2 + 30 - 11*i - 21 - 4*i**2. Let y be m(-12). Determine r(y).
5
Let s(q) be the first derivative of -q**3/3 - q**2 + 2. What is s(-2)?
0
Let u be 156/27 + (-2)/(-9). Let n(h) = -2*h + 2. Calculate n(u).
-10
Let n(d) = -d**2 + d + 1. Let o = -3 + 1. Let c be 1*(-3 + 2 - 0). Let v(y) = y**2 - y. Let x(k) = c*v(k) + o*n(k). Calculate x(2).
0
Let k = 4 + -8. Let c be 52/14 - (-4)/14. Let n(x) = 6*x - 3*x**2 - x**3 - c*x + 3*x + 1. What is n(k)?
-3
Let c(z) = -z. Let s(b) = 1. Let d(j) = c(j) - 5*s(j). Let a(o) = o**3 - o. Let h be a(-1). What is d(h)?
-5
Let j(b) = b + 20. Let n be j(-19). Let m(l) = l**3 + l**2 - 1. Let c(x) = -3*x**3 + 4*x**2 - x + 3. Let y(q) = n*c(q) + 2*m(q). Calculate y(6).
-5
Let x = -2 - -8. Let r(l) = l - 4. What is r(x)?
2
Suppose -x = -1 + 4. Let r(p) be the third derivative of p**4/24 - p**3/2 + 8*p**2. What is r(x)?
-6
Let z = -581 - -582. Let i(q) = 3*q - 2. Suppose 0 = u + 2*f + 3*f + 27, 3*f = 4*u - 7. Let a(n) = 2*n - 3. Let o(c) = u*a(c) + 3*i(c). Calculate o(z).
5
Let j(y) = 348*y**2 + 2*y**3 + 0*y - y + 2*y - 345*y**2 + 1. Let t(f) = -f**3 - 5*f**2 - 4*f - 2. Let h = -7 + 3. Let b be t(h). What is j(b)?
-5
Suppose 5*u - 15 = -45. Let t(q) = -q - 5. Calculate t(u).
1
Let p(b) = 13*b**3 + b**2 + 9 - 12*b**3 + 3. Determine p(0).
12
Suppose 6 = 2*b + 2. Let d(c) = -4*c + 5*c + 4*c + 3 + c**b. Suppose -23 = 5*p + 2. Determine d(p).
3
Let x(m) = -7*m + 53. Let u be x(7). Let k(c) = c + 2. What is k(u)?
6
Let w(k) = k + 14 - 3 + 3. What is w(-7)?
7
Let h(o) = o**3 + 7*o**2 + 8*o + 3. Suppose -n - 7 = -p, 3*n + p + 15 = 2. Determine h(n).
13
Let s(f) be the third derivative of f**5/30 - f**4/12 - 2*f**3/3 - 26*f**2. Give s(3).
8
Let n = -5 - -8. Let l(b) be the second derivative of 0 + 1/6*b**4 - 2*b + b**2 + 1/3*b**n. Calculate l(-2).
6
Let u be 2/(-6)*0/(-3). Let o(l) be the second derivative of 1/20*l**5 - 1/3*l**3 + u + l + 3/2*l**2 - 1/3*l**4. Calculate o(4).
-5
Let z(g) = -g**3 - 3*g**2 + g - 3. Suppose 0 = -4*f + 4*q + 8 - 0, 5*f + 3*q + 30 = 0. Give z(f).
-6
Let j(h) = 11 + 3 + 3 + h - 4. Suppose 2*d = 4*d + 12. Give j(d).
7
Let k be ((-8)/5)/(12/(-30)). Let a = -6 + k. Let p(y) = -y - 1. Determine p(a).
1
Let 